{"id":390,"date":"2025-08-29T10:19:12","date_gmt":"2025-08-29T17:19:12","guid":{"rendered":"https:\/\/rifcsa.uson.mx\/?page_id=390"},"modified":"2025-08-29T11:10:19","modified_gmt":"2025-08-29T18:10:19","slug":"tipos-de-membresias","status":"publish","type":"page","link":"https:\/\/rifcsa.uson.mx\/?page_id=390","title":{"rendered":"Tipos de membres\u00edas"},"content":{"rendered":"\n<p>De acuerdo al Acta constitutiva como <em>OSC<\/em>, en pleno derecho de sus atribuciones, derechos y obligaciones:<\/p>\n\n\n\n<blockquote class=\"wp-block-quote is-layout-flow wp-block-quote-is-layout-flow\">\n<p><strong>Miembros Fundadores (<em>MF<\/em>)<\/strong>.- Son quienes han firmado el Acta constitutiva notariada.<\/p>\n<\/blockquote>\n\n\n\n<p><\/p>\n\n\n\n<blockquote class=\"wp-block-quote is-layout-flow wp-block-quote-is-layout-flow\">\n<p><strong>Miembros Directivos<\/strong> (Solo pueden serlo fundadores o representantes institucionales).- Un presidente, un Vicepresidente ( A la vez Secretario y responsable de la <em>PW<\/em>) y  un Tesorero, quienes durar\u00e1n en sus encargos m\u00e1ximo dos a\u00f1os, eligi\u00e9ndose cada dos a\u00f1os a un Tesorero, el cual pasar\u00e1 a ocupar la vicepresidencia y esta pasar\u00e1 a los dos a\u00f1os tambi\u00e9n de manera autom\u00e1tica al cargo de Presidencia, encargo que durar\u00e1 tambi\u00e9n solo dos a\u00f1os de acuerdo al proceso descrito en Acta constitutiva.<\/p>\n<\/blockquote>\n\n\n\n<blockquote class=\"wp-block-quote is-layout-flow wp-block-quote-is-layout-flow\">\n<p><strong>Representantes Institucionales (RI)<\/strong>.- Representantes que disponen y env\u00edan para registro en la Red, su nombramiento como representante institucional expedido por la m\u00e1s alta autoridad de alguna instituci\u00f3n,\u00a0 debiendo mantenerse \u201ca plomo\u201d cubriendo cuotas anuales de manera oportuna, sea estudiante o docente, manteniendo esta condici\u00f3n renovable en su caso al menos cada 2 a\u00f1os, de otra manera se transforma en membres\u00eda permanente pero no representativa. (En cada instituci\u00f3n se habr\u00e1 de elegir a su representante democr\u00e1ticamente cada 2 a\u00f1os).<\/p>\n\n\n\n<ul>\n<li>Se considerar\u00e1 <em>&#8220;Institucion Benefactora&#8221;(IB)<\/em> la cual apoye anualmente a representantes instituciooonales o de que manera especial apoye a la Red de manera importante y significativa<\/li>\n<\/ul>\n<\/blockquote>\n\n\n\n<p>Solo tienen derecho a voz y a voto en Asambleas anuales los miembros fundadores, Directivos y Representantes institucionales siempre y cuando se mantengan producionedo lo correspondiente anualmente y se\u00f1alado en el Acta (arbitrajes, art\u00edculos de difusi\u00f3n o divulgaci\u00f3n, comisiones en eventos como organizaci\u00f3n de congresos, asesor de estudiante investigador, en comisiones, etc.) y al dia con sus cuotas.<\/p>\n\n\n\n<blockquote class=\"wp-block-quote is-layout-flow wp-block-quote-is-layout-flow\">\n<p><strong>Miembros Activos (<em>MAC<\/em>)<\/strong>.- Derecho a voz, pero no a voto, Estudiantes o Acad\u00e9micos que lo hayan solicitado y cumplan con las condiciones de haber sido directivo o representante institucional, o que, sin haberlo sido, decidan pagar sus cuotas y mostrar al menos alguna evidencia de colaboracion anual.<\/p>\n<\/blockquote>\n\n\n\n<p>Los siguientes miembros son honorarios que no est\u00e1n obligados al pago de cuotas, pero s\u00ed es condici\u00f3n previa para aspirar a ser <em><strong>MAC<\/strong><\/em>.<\/p>\n\n\n\n<blockquote class=\"wp-block-quote is-layout-flow wp-block-quote-is-layout-flow\">\n<p><strong>Miembros Asociados (<em>MAS<\/em>)<\/strong>.- Estudiantes, Investigadores y\/o docentes de nivel preparatoria o licenciatura, que s\u00f3lo hayan enviado a la Red su Carta solicitud para ser <em><strong>MAS<\/strong><\/em>, manifestando el compromiso de aspirar en un corto o mediano plazo para ser <strong><em>MAC<\/em><\/strong>. Esta condici\u00f3n se pierde s\u00f3lo pasando dos a\u00f1os y no haber presentado nueva solicitud.<\/p>\n<\/blockquote>\n\n\n\n<blockquote class=\"wp-block-quote is-layout-flow wp-block-quote-is-layout-flow\">\n<p><strong>Miembros Colaboradores (MCO)<\/strong>.- \u00c1rbitros con al menos dos trabajos arbitrados manteni\u00e9ndose en esta condici\u00f3n con al menos un arbitraje anual; Estudiantes que han enviado al menos dos art\u00edculos para arbitraje, hayan sido o a\u00fan no publicados y se mantenga con al menos una evidencia anual de inter\u00e9s, pudi\u00e9ndo ser entonces <em>&#8220;Colaborador Asociado&#8221;<\/em>, s\u00f3lo asociado o colaborador.<\/p>\n<\/blockquote>\n\n\n\n<div id=\"ez-toc-container\" class=\"ez-toc-v2_0_64 counter-hierarchy ez-toc-counter ez-toc-grey ez-toc-container-direction\">\r\n<div class=\"ez-toc-title-container\">\r\n<p class=\"ez-toc-title \" >Table of Contents<\/p>\r\n<span class=\"ez-toc-title-toggle\"><a href=\"#\" class=\"ez-toc-pull-right ez-toc-btn ez-toc-btn-xs ez-toc-btn-default ez-toc-toggle\" aria-label=\"Toggle Table of Content\"><span class=\"ez-toc-js-icon-con\"><span class=\"\"><span class=\"eztoc-hide\" style=\"display:none;\">Toggle<\/span><span class=\"ez-toc-icon-toggle-span\"><svg style=\"fill: #999;color:#999\" xmlns=\"http:\/\/www.w3.org\/2000\/svg\" class=\"list-377408\" width=\"20px\" height=\"20px\" viewBox=\"0 0 24 24\" fill=\"none\"><path d=\"M6 6H4v2h2V6zm14 0H8v2h12V6zM4 11h2v2H4v-2zm16 0H8v2h12v-2zM4 16h2v2H4v-2zm16 0H8v2h12v-2z\" fill=\"currentColor\"><\/path><\/svg><svg style=\"fill: #999;color:#999\" class=\"arrow-unsorted-368013\" xmlns=\"http:\/\/www.w3.org\/2000\/svg\" width=\"10px\" height=\"10px\" viewBox=\"0 0 24 24\" version=\"1.2\" baseProfile=\"tiny\"><path d=\"M18.2 9.3l-6.2-6.3-6.2 6.3c-.2.2-.3.4-.3.7s.1.5.3.7c.2.2.4.3.7.3h11c.3 0 .5-.1.7-.3.2-.2.3-.5.3-.7s-.1-.5-.3-.7zM5.8 14.7l6.2 6.3 6.2-6.3c.2-.2.3-.5.3-.7s-.1-.5-.3-.7c-.2-.2-.4-.3-.7-.3h-11c-.3 0-.5.1-.7.3-.2.2-.3.5-.3.7s.1.5.3.7z\"\/><\/svg><\/span><\/span><\/span><\/a><\/span><\/div>\r\n<nav><ul class='ez-toc-list ez-toc-list-level-1 ' ><li class='ez-toc-page-1 ez-toc-heading-level-2'><a class=\"ez-toc-link ez-toc-heading-1\" href=\"https:\/\/rifcsa.uson.mx\/?page_id=390\/#Beneficios_de_poseer_la_membresia_de_la_Red\" title=\"Beneficios de poseer la membresia de la Red:\">Beneficios de poseer la membresia de la Red:<\/a><\/li><li class='ez-toc-page-1 ez-toc-heading-level-2'><a class=\"ez-toc-link ez-toc-heading-2\" href=\"https:\/\/rifcsa.uson.mx\/?page_id=390\/#%C2%BFPor_que_le_combiene_pasar_de_%E2%80%9CMAS%E2%80%9D_a_ser_%E2%80%9CMAC%E2%80%9D\" title=\"\u00bfPor qu\u00e9 le combiene pasar de &#8220;MAS&#8221; a ser &#8220;MAC&#8221;?\">\u00bfPor qu\u00e9 le combiene pasar de &#8220;MAS&#8221; a ser &#8220;MAC&#8221;?<\/a><\/li><li class='ez-toc-page-1 ez-toc-heading-level-2'><a class=\"ez-toc-link ez-toc-heading-3\" href=\"https:\/\/rifcsa.uson.mx\/?page_id=390\/#%C2%BFComo_lograr_gestionar_los_pagos_de_membresias_anuales\" title=\"\u00bfC\u00f3mo lograr gestionar los pagos de membres\u00edas anuales?\">\u00bfC\u00f3mo lograr gestionar los pagos de membres\u00edas anuales?<\/a><\/li><\/ul><\/nav><\/div>\r\n<h2 class=\"wp-block-heading\"><span class=\"ez-toc-section\" id=\"Beneficios_de_poseer_la_membresia_de_la_Red\"><\/span>Beneficios de poseer la membresia de la Red:<span class=\"ez-toc-section-end\"><\/span><\/h2>\n\n\n\n<ul>\n<li><strong>MF<\/strong>.- Derecho a voz y voto<\/li>\n\n\n\n<li><strong>MD<\/strong>.- Derecho a voz y voto (Deja de ser <strong>RI<\/strong>)<\/li>\n\n\n\n<li><strong>RI<\/strong>.- <a>Derecho a voz y voto<\/a>,\u00a0 a ser postulado <strong>MD<\/strong>, ser miembro del Consejo editorial de las Revistas de la Red,<\/li>\n\n\n\n<li><strong>MAC<\/strong>.- Derecho a voz, pero no a voto, a acceder a ser electo en su instituci\u00f3n como <strong>RI<\/strong>, inicia pago de anualidades con todos los beneficios de<strong> MAS<\/strong> y sobre todo, los beneficios de estar enterado de estados financieros y de la log\u00edstica oportuna de la vida cotidiana de la Red recibiendo notificaciones e invitaciones a opinar y a participar en comisiones.<\/li>\n\n\n\n<li><strong>MAS<\/strong>.- No aporta Cuota anual, Acceso a bases de datos con cuenta y pasword de la Red en su <strong>PW<\/strong>, Expedici\u00f3n de Constancia de membres\u00eda, Derecho a env\u00edo y publicaci\u00f3n en su caso de art\u00edculos enviados, a recibir noticias sobre acceso a cada edici\u00f3n de revista, a convocatorias a congresos, oportunidades de empleos, en el caso de estudiantes de 17 a 22 a\u00f1os participar en el premio anual y est\u00edmulos a mejores art\u00edculos publicados, etc\u00e9tera.<\/li>\n\n\n\n<li><strong>MCO<\/strong>.- No aporta Cuota anual, Constancias de arbitrajes o de apoyos brindados<\/li>\n\n\n\n<li><strong>IB<\/strong>.- Impacto ben\u00e9fico en su alumnado, docentes e investigadores; se le expide Certificado y muestra en l\u00ednea en su calidad mejorando con su presencia su imagen institucional<\/li>\n<\/ul>\n\n\n\n<blockquote class=\"wp-block-quote is-layout-flow wp-block-quote-is-layout-flow\">\n<p>Condici\u00f3n de equilibrio: (Se requiere mantener al menos 35 MAC c\/u 3000 anuales 105,000 anuales. <strong>Gasto<\/strong>s:<\/p>\n\n\n\n<ul>\n<li>Becas a 2 estudiantes redise\u00f1adores, mantenimiento de page web, operaci\u00f3n de revistas (env\u00edos, respuestas, correcciones, archivos, edici\u00f3n de revistas), comunicados y log\u00edstica de congresos bianuales, etc. , 2,000$ mensuales a cada uno, 4000$ mensuales, <strong>56,000<\/strong>$ anuales<\/li>\n\n\n\n<li>Derechos de acceso a plataformass como ZOOM, TEAMS y pagos en su caso de Derechos de Cuenta de PW (Host)<\/li>\n\n\n\n<li>Premios anuales a los mejores art\u00edculos estudiantiles publicados 6000 (3000 1er lugar, 2000 2do lugar y 1000 tercero)<\/li>\n\n\n\n<li>Pago de Inscripci\u00f3n a Congresos bianuales, pasajes y hospedaje al mejor Estudiante autor anual (2), o primeros autores de art\u00edculos en revistas de Difusi\u00f3n y Divulgaci\u00f3n de la Red (4 posiciones)<\/li>\n<\/ul>\n<\/blockquote>\n\n\n\n<h2 class=\"wp-block-heading\"><span class=\"ez-toc-section\" id=\"%C2%BFPor_que_le_combiene_pasar_de_%E2%80%9CMAS%E2%80%9D_a_ser_%E2%80%9CMAC%E2%80%9D\"><\/span>\u00bfPor qu\u00e9 le combiene pasar de <em>&#8220;MAS&#8221;<\/em> a ser <em>&#8220;MAC&#8221;<\/em>?<span class=\"ez-toc-section-end\"><\/span><\/h2>\n\n\n\n<ul>\n<li>Porque ser Miembro Activo (<strong>MAC<\/strong>) le da la ventaja de tener el respaldo de la Red para presentarse y llevar a cabo proyectos de investigaci\u00f3n cient\u00edfica estudiantil ante instancias de gobierno, instituciones y empresas potencialmente necesitadas de mejorar sus servicios a clientes, de hacer monograf\u00edas hist\u00f3ricas, manejar mejor su comunicaci\u00f3n interna y externa, la conducta del personal y sus climas de trabajo, fortalecer el desempe\u00f1o del rol institucional y de cada miembro, promover una cultura futurible deseada en condiciones de seguridad, mejorar los sistemas en el manejo de recursos y la normatividad en torno a ello.<\/li>\n<\/ul>\n\n\n\n<ul>\n<li>Porque ser Miembro Activo (<strong>MAC<\/strong>) le da el privilegio de participar en Comisiones como las de Selecci\u00f3n de los mejores reportes de investigaci\u00f3n estudiantiles, recibir informaci\u00f3n financiera de la Red de manera peri\u00f3dica, propuestas de est\u00edmulos y estrategias para mantenerse como <strong>MAC<\/strong><\/li>\n<\/ul>\n\n\n\n<ul>\n<li>Porque ser Miembro Activo (<strong>MAC<\/strong>) le brinda la oportunidad de participar, si as\u00ed lo deseara, en procesos de elecci\u00f3n democr\u00e1tica como Miembro Representante Institucional (<strong>MRI<\/strong>).<\/li>\n\n\n\n<li>&#8230;<\/li>\n<\/ul>\n\n\n\n<h2 class=\"wp-block-heading\"><span class=\"ez-toc-section\" id=\"%C2%BFComo_lograr_gestionar_los_pagos_de_membresias_anuales\"><\/span>\u00bfC\u00f3mo lograr gestionar los pagos de membres\u00edas anuales?<span class=\"ez-toc-section-end\"><\/span><\/h2>\n\n\n\n<blockquote class=\"wp-block-quote is-layout-flow wp-block-quote-is-layout-flow\">\n<p>(Con el objetivo de subir de <em>MAS<\/em> a <em>MAC)<\/em><\/p>\n<\/blockquote>\n\n\n\n<p>1.- Solicitando respaldo a la Instituci\u00f3n de Educaci\u00f3n Superior (<strong>IES<\/strong>) donde se estudia o labora, ofreci\u00e9ndole, adem\u00e1s de la oportunidad de reforzar la formaci\u00f3n estudiantil en el \u00e1rea de Ciencias sociales, la expedici\u00f3n anual de una Constancia y publicaci\u00f3n en la Web de la Red como INSTITUCI\u00d3N BENEFACTORA, lo cual posiciona su IMAGEN INSTITUCIONAL.<\/p>\n\n\n\n<p>2.- Solicitando donaciones deducibles de impuestos a empresas que necesiten de investigadores cient\u00edficos, donde estudiantes (Guiados por uno o varios profesores investigadores), puedan aplicar sus conocimientos y ofrecerles soluciones efectivas, de impacto en sus prop\u00f3sitos. Esas donaciones pueden variar dependiendo de la tempo-espacialidad y exigencia multidisciplinaria, la cual podr\u00eda iniciar con 12,000 en adelante (ello cubrir\u00eda las anualidades de un Profesor y tres estudiantes), gener\u00e1ndose adem\u00e1s publicidad en imagen institucional como INSTITUCI\u00d3N BENEFACTORA<\/p>\n\n\n\n<p>3.- &#8230;<\/p>\n\n\n\n<p><\/p>\n\n\n\n<p><\/p>\n","protected":false},"excerpt":{"rendered":"<p>De acuerdo al Acta constitutiva como OSC, en pleno derecho de sus atribuciones, derechos y obligaciones: Miembros Fundadores (MF).- Son quienes han firmado el Acta&hellip;<\/p>\n","protected":false},"author":1,"featured_media":0,"parent":0,"menu_order":0,"comment_status":"closed","ping_status":"closed","template":"","meta":{"footnotes":""},"_links":{"self":[{"href":"https:\/\/rifcsa.uson.mx\/index.php?rest_route=\/wp\/v2\/pages\/390"}],"collection":[{"href":"https:\/\/rifcsa.uson.mx\/index.php?rest_route=\/wp\/v2\/pages"}],"about":[{"href":"https:\/\/rifcsa.uson.mx\/index.php?rest_route=\/wp\/v2\/types\/page"}],"author":[{"embeddable":true,"href":"https:\/\/rifcsa.uson.mx\/index.php?rest_route=\/wp\/v2\/users\/1"}],"replies":[{"embeddable":true,"href":"https:\/\/rifcsa.uson.mx\/index.php?rest_route=%2Fwp%2Fv2%2Fcomments&post=390"}],"version-history":[{"count":9,"href":"https:\/\/rifcsa.uson.mx\/index.php?rest_route=\/wp\/v2\/pages\/390\/revisions"}],"predecessor-version":[{"id":405,"href":"https:\/\/rifcsa.uson.mx\/index.php?rest_route=\/wp\/v2\/pages\/390\/revisions\/405"}],"wp:attachment":[{"href":"https:\/\/rifcsa.uson.mx\/index.php?rest_route=%2Fwp%2Fv2%2Fmedia&parent=390"}],"curies":[{"name":"wp","href":"https:\/\/api.w.org\/{rel}","templated":true}]}}